{"id":35,"date":"2012-07-24T12:29:26","date_gmt":"2012-07-24T10:29:26","guid":{"rendered":"http:\/\/studenten-zimmer.de\/s1\/?page_id=35"},"modified":"2022-10-27T18:15:23","modified_gmt":"2022-10-27T16:15:23","slug":"wohneinheiten","status":"publish","type":"page","link":"http:\/\/studenten-zimmer.de\/s1\/?page_id=35","title":{"rendered":"Wohneinheiten"},"content":{"rendered":"<p>Das ca. 1911 als Hotel erbaute Haus hat heute 36 Zimmer und Appartements auf 3 Etagen f\u00fcr Studenten und Auszubildende.<\/p>\n<p>Alle Wohneinheiten sind m\u00f6bliert mit mindestens Bett, Schrank, Schreibtisch, B\u00fcrodrehstuhl und Regal. Alle Zimmer haben ein Waschbecken mit kaltem und warmem Wasser sowie einen Spiegelschrank. Die Zimmer haben alle TV-Anschluss (teilweise Kabelfernsehen, teilweise SAT) sowie eine Telefonanschlussdose (ISDN- u. DSL-geeignet). Das Haus ist mit einer modernen Gas-Zentralheizung mit angebundenem Mini-Blockheizkraftwerk zur Grundlastdeckung ausgestattet, die auch das warme Wasser erzeugen. Auf allen Etagen gibt es Einzelappartements, die eine eigene Minik\u00fcche im Wohnraum haben und ein kleines Badezimmer mit Dusche, Toilette, Waschbecken und Spiegelschrank. Auf einer Etage sind alle Einzelzimmer mit Minik\u00fcche ausgestattet. Hier teilen sich 9 Personen die gemeinsamen Duschen und Toiletten. Auf den anderen beiden Etagen teilen sich 7 bzw. 9 Bewohner ihrer Einzelzimmer die gemeinsamen Duschen, Toiletten und die Gemeinschaftsk\u00fcche auf der jeweiligen Etage. Im \u00dcbrigen ist das gesamte Haus mit einem W-Lan Netzwerk ausgestattet, das in Kooperation mit dem inka e.V. an das in Karlsruhe an vielen Stellen kostenfreie KA-Wlan angebunden, zudem ist das Haus mit eduraom versorgt. Damit ist es f\u00fcr Studenten der Hochschulen welche am Hochschulnetz eduroam teilnehmen Zugang zu Ihrer Hochschule, alle anderen kommen \u00fcber KA-Wlan kostenlos ins Internet. <\/p>\n\n\n<p><\/p>\n","protected":false},"excerpt":{"rendered":"<p>Das ca. 1911 als Hotel erbaute Haus hat heute 36 Zimmer und Appartements auf 3 Etagen f\u00fcr Studenten und Auszubildende. Alle Wohneinheiten sind m\u00f6bliert mit mindestens Bett, Schrank, Schreibtisch, B\u00fcrodrehstuhl &hellip; <\/p>\n","protected":false},"author":1,"featured_media":0,"parent":32,"menu_order":2,"comment_status":"closed","ping_status":"closed","template":"","meta":[],"_links":{"self":[{"href":"http:\/\/studenten-zimmer.de\/s1\/index.php?rest_route=\/wp\/v2\/pages\/35"}],"collection":[{"href":"http:\/\/studenten-zimmer.de\/s1\/index.php?rest_route=\/wp\/v2\/pages"}],"about":[{"href":"http:\/\/studenten-zimmer.de\/s1\/index.php?rest_route=\/wp\/v2\/types\/page"}],"author":[{"embeddable":true,"href":"http:\/\/studenten-zimmer.de\/s1\/index.php?rest_route=\/wp\/v2\/users\/1"}],"replies":[{"embeddable":true,"href":"http:\/\/studenten-zimmer.de\/s1\/index.php?rest_route=%2Fwp%2Fv2%2Fcomments&post=35"}],"version-history":[{"count":9,"href":"http:\/\/studenten-zimmer.de\/s1\/index.php?rest_route=\/wp\/v2\/pages\/35\/revisions"}],"predecessor-version":[{"id":615,"href":"http:\/\/studenten-zimmer.de\/s1\/index.php?rest_route=\/wp\/v2\/pages\/35\/revisions\/615"}],"up":[{"embeddable":true,"href":"http:\/\/studenten-zimmer.de\/s1\/index.php?rest_route=\/wp\/v2\/pages\/32"}],"wp:attachment":[{"href":"http:\/\/studenten-zimmer.de\/s1\/index.php?rest_route=%2Fwp%2Fv2%2Fmedia&parent=35"}],"curies":[{"name":"wp","href":"https:\/\/api.w.org\/{rel}","templated":true}]}}