{"id":60,"date":"2012-07-24T19:31:45","date_gmt":"2012-07-24T17:31:45","guid":{"rendered":"http:\/\/studenten-zimmer.de\/s1\/?page_id=60"},"modified":"2019-08-08T18:59:35","modified_gmt":"2019-08-08T16:59:35","slug":"faq","status":"publish","type":"page","link":"http:\/\/studenten-zimmer.de\/s1\/?page_id=60","title":{"rendered":"FAQ"},"content":{"rendered":"<p>Wer Fragen zum Haus hat, wird hier vielleicht f\u00fcndig, wenn nicht, einfach eine Mail schicken.<\/p>\n<p><strong>Sind alle Appartements, bzw. Zimmer m\u00f6bliert,<br \/>kann man auch seine eigenen M\u00f6bel mitbringen?<\/strong><\/p>\n<p>Wir vermieten die Zimmer und Appartements immer m\u00f6bliert. Das hat viele Vorteile f\u00fcr die Bewohner. Sie bleiben flexibel und brauchen keine eigenen M\u00f6bel mitzubringen oder m\u00fcssen diese teuer kaufen.<br \/>Die Ausstattung unserer Appartements, bzw. Zimmer umfasst standardm\u00e4\u00dfig jeweils ein: Bett oder eine Bettcouch, Schreibtisch, Schreibtischstuhl, Schreibtischleuchte, Stuhl, Kleiderschrank und Deckenleuchte. Unm\u00f6blierte Zimmer k\u00f6nnen leider nicht gemietet werden.<\/p>\n<p>\u00a0<\/p>\n<p><strong>Was ist nicht im Zimmer bzw. was muss vom Bewohner mitgebracht werden?<\/strong><\/p>\n<p>Die Zimmer sind m\u00f6bliert, daher sind zun\u00e4chst alle M\u00f6bel vorhanden, die man zum wohnen ben\u00f6tigt. Es ist aber kein Hotel. Leint\u00fccher, Kopfkissen und Bettdecke m\u00fcssen selbst mitgebracht werden. Elektroger\u00e4te m\u00fcssen die meisten auch selbst mitgebracht werden, es ist lediglich die Deckenleuchte, Schreibtischleuchte und in den Angeboten mit Minik\u00fcche Herd, Mikrowelle und teilweise ein Wasserkocher vorhanden. Fernseher und Radio sind u. a. wegen des sonst in jedem Fall f\u00e4lligen Rundfunkbeitrags (fr\u00fcher GEZ) und GEMA-Geb\u00fchren nicht in den Zimmern.<\/p>\n<p>\u00a0<\/p>\n<p><strong>Ist in der N\u00e4he Stra\u00dfenbahn oder Bus?<\/strong><\/p>\n<p>Ja, und zwar gleich drei Linien befinden sich 50 bzw. 100m vom Haus entfernt.<br \/>Die Stra\u00dfenbahn-Linie 2, welche direkt zum Hauptbahnhof f\u00e4hrt (zum KIT einmal Umsteigen, Fahrzeit zur Haltestelle KIT ca. 20 Min.). Diese verkehrt wochentags tags\u00fcber alle 10 Min, abends und Sonntags alle 20 Min.<br \/>Die Buslinie 70 welche nach Neureut Heide f\u00e4hrt (Umstieg zur DHBW) sowie in die andere Richtung an den Entenfang (kleine Einkaufsregion mit gro\u00dfer Postfiliale und diversen Gesch\u00e4ften)<br \/>Die Nachtline N3, mit welcher man nach Betriebsende von Bus und Stra\u00dfenbahn auch wochentags nachts nach Hause kommt.<\/p>\n<p>\u00a0<\/p>\n<p><strong>Wie verh\u00e4lt es sich mit dem Runfunkbeitrag (fr\u00fcher GEZ)- und der GEMA-Geb\u00fchr?<\/strong><\/p>\n<p>GEMA-Geb\u00fchren sind f\u00fcr den privaten Gebrauch eigener Ger\u00e4te keine zu entrichten.<\/p>\n<p>Der Rundfunkbeitrag ist ein Thema, welches den Rahmen einer FAQ leicht sprengen kann. Nur so viel: Jeder Mieter muss sich selbst anmelden. Je nach Einkommenssituation kann man sich von der Zahlung befreien lassen, nicht jedoch vom anmelden. Eine Befreiung gilt immer nur f\u00fcr die Zukunft. Wer also erwischt wird, weil er es vergessen hat sich anzumelden, muss f\u00fcr die Vergangenheit Geb\u00fchren bezahlen, auch wenn er die Voraussetzungen f\u00fcr eine Befreiung (auch in der Vergangenheit) erf\u00fcllt.<\/p>\n<p>\u00a0<\/p>\n<p><strong>Kann man die Zimmer auch f\u00fcr zwei oder mehr Personen mieten?<\/strong><\/p>\n<p>Die Zimmer und Appartements sind alle nur f\u00fcr eine Person vorgesehen. Es ist leider nicht m\u00f6glich, dass diese von zwei oder mehr Personen gemietet werden.<\/p>\n<p>\u00a0<\/p>\n<p><strong>Gibt es einen Keller, bzw. Abstellraum etc.?<\/strong><\/p>\n<p>Ein eigener Keller, bzw. Abstellraum f\u00fcr die Mieter ist nicht vorhanden und kann auch nicht eingerichtet werden. Mitgebrachte M\u00f6bel und andere Gegenst\u00e4nde hat der Mieter in den von ihm angemieteten R\u00e4umen aufzubewahren. Das Abstellen von M\u00f6beln und anderen Gegenst\u00e4nden im Haus, auf den Fluren und im Treppenhaus ist aus sicherheits- und brandschutztechnischen Gr\u00fcnden untersagt.<\/p>\n<p>\u00a0<\/p>\n<p><strong>Wie ist die Parsituation, gibt es eigene Parkpl\u00e4tze?<\/strong><\/p>\n<p>um das Wohnheim herum ist der \u00f6ffentliche Parkraum kostenlos nutzbar. Auch wochentags tags\u00fcber findet sich innerhalb von 100-200m ein Parkplatz, auch wenn die Pl\u00e4tze ums Haus von den Arbeitnehmern der umliegenden Arbeitgebern genutzt werden. Au\u00dferhalb der Arbeitszeiten findet man unmittelbar um das Haus einen Parkplatz. Eigene mietbare Stellpl\u00e4tze oder Garagen stehen dem Haus keine zur Verf\u00fcgung.<\/p>\n<p>\u00a0<\/p>\n<p><strong>Ist das Wohnheim beim Westcampus eine Verbindung oder Burschenschaft?<\/strong><\/p>\n<p>Nein. Das Haus ist ein privat betriebenes Haus. Die einzigen Verpflichtungen der Bewohner ergeben sich aus Mietvertrag und Hausordnung. Dies soll die Bewohner jedoch nicht daran hindern, gemeinsame Aktivit\u00e4ten zu unternehmen.<\/p>\n<p>\u00a0<\/p>\n<p><strong>Warum gibt es die Homepage nur in deutscher Sprache?<\/strong><\/p>\n<p>Da meine Kenntnisse als Vermieter in anderen Sprachen ausser der deutschen nicht ausreichen um darin rechtssichere Mietvertr\u00e4ge einzugehen, kann die Kommunikation leider ausschlie\u00dflich in deutscher Sprache stattfinden. Dies ist jedoch nicht so zu verstehen, dass ausl\u00e4ndische Bewerber nicht gerne gesehen sind. Sofern eine Kommunikation in deutscher Sprache m\u00f6glich ist, sind alle Bewerber egal welcher Herkunft gleicherma\u00dfen gerne gesehen.<\/p>\n<p>\u00a0<\/p>\n<p><strong>Sind die Angebote Provisionsfrei<\/strong><\/p>\n<p>Die Homepage und die Angebote werden direkt vom Vermieter bereitgestellt. Daher f\u00e4llt bei mir keine Povision bzw. Maklergeb\u00fchr an.<\/p>\n<p>Aber Vorsicht, ein Makler kann ohne wissen des Vermieters Mietangebote anbieten. Dies ist zwar nicht erlaubt, aber es kann evtl. trotzdem zu Provisionspflicht kommen. Sollten Sie von einem Makler auf die Angebote hingewiesen worden sein, so teilen Sie mir dies bitte unter Nennung des Maklers mit.<\/p>\n<p>\u00a0<\/p>\n<p><strong>Gibt es Telefon und Internet in den Zimmern?<\/strong><\/p>\n<p>Das Haus kooperiert mit dem INKA e.V., welcher in Karlsruhe gemeinsam mit dem KIT das an vielen Stellen in Karlsruhe verf\u00fcgbare kostenfreie KA-Wlan betreibt. Dadurch wurde es m\u00f6glich, auch hier im Haus KA-Wlan und eduroam einzurichten. Hier\u00fcber bekommen die Bewohner die Funktionen, die Ihnen das Hochschulnetz und\/oder das KA-Wlan zur Verf\u00fcgung stellt, also auch z. B. das surfen im Internet.<\/p>\n<p>Wenn einem Bewohner ein solcher Zugang nicht ausreicht, weil z. B. die Hochschule die Funktion Filesharing eingeschr\u00e4nkt hat, oder weil ein Festnetztelefon gew\u00fcnscht ist, kann sich jeder auf eigene Kosten in jedes Zimmer einen Telefon und\/oder DSL-Zugang an die \u00fcberall vorhandene Telefondose legen lassen.<br \/>Bei der Wahl des Anbieters sind Sie v\u00f6llig frei und k\u00f6nnen diesen nach Ihren Bed\u00fcrfnissen w\u00e4hlen. Sie k\u00f6nnen den Anschluss sowohl bei der Deutschen Telekom beantragen, bei einem Reseller der Telekom oder einer der mittlerweile zahlreichen anderen Telefongesellschaften.<\/p>\n\n\n<p><\/p>\n","protected":false},"excerpt":{"rendered":"<p>Wer Fragen zum Haus hat, wird hier vielleicht f\u00fcndig, wenn nicht, einfach eine Mail schicken. Sind alle Appartements, bzw. Zimmer m\u00f6bliert,kann man auch seine eigenen M\u00f6bel mitbringen? Wir vermieten die &hellip; <\/p>\n","protected":false},"author":1,"featured_media":0,"parent":32,"menu_order":7,"comment_status":"closed","ping_status":"closed","template":"","meta":[],"_links":{"self":[{"href":"http:\/\/studenten-zimmer.de\/s1\/index.php?rest_route=\/wp\/v2\/pages\/60"}],"collection":[{"href":"http:\/\/studenten-zimmer.de\/s1\/index.php?rest_route=\/wp\/v2\/pages"}],"about":[{"href":"http:\/\/studenten-zimmer.de\/s1\/index.php?rest_route=\/wp\/v2\/types\/page"}],"author":[{"embeddable":true,"href":"http:\/\/studenten-zimmer.de\/s1\/index.php?rest_route=\/wp\/v2\/users\/1"}],"replies":[{"embeddable":true,"href":"http:\/\/studenten-zimmer.de\/s1\/index.php?rest_route=%2Fwp%2Fv2%2Fcomments&post=60"}],"version-history":[{"count":14,"href":"http:\/\/studenten-zimmer.de\/s1\/index.php?rest_route=\/wp\/v2\/pages\/60\/revisions"}],"predecessor-version":[{"id":606,"href":"http:\/\/studenten-zimmer.de\/s1\/index.php?rest_route=\/wp\/v2\/pages\/60\/revisions\/606"}],"up":[{"embeddable":true,"href":"http:\/\/studenten-zimmer.de\/s1\/index.php?rest_route=\/wp\/v2\/pages\/32"}],"wp:attachment":[{"href":"http:\/\/studenten-zimmer.de\/s1\/index.php?rest_route=%2Fwp%2Fv2%2Fmedia&parent=60"}],"curies":[{"name":"wp","href":"https:\/\/api.w.org\/{rel}","templated":true}]}}